{"id":417,"date":"2024-02-27T13:10:08","date_gmt":"2024-02-27T12:10:08","guid":{"rendered":"https:\/\/david-unger.art\/?page_id=417"},"modified":"2025-02-20T15:01:17","modified_gmt":"2025-02-20T14:01:17","slug":"contact","status":"publish","type":"page","link":"https:\/\/david-unger.art\/index.php\/contact\/","title":{"rendered":"Formulaire de contact"},"content":{"rendered":"\t\t<div data-elementor-type=\"wp-page\" data-elementor-id=\"417\" class=\"elementor elementor-417\" data-elementor-post-type=\"page\">\n\t\t\t\t<div class=\"elementor-element elementor-element-9903223 e-con-full e-flex e-con e-parent\" data-id=\"9903223\" data-element_type=\"container\" data-e-type=\"container\">\n\t\t\t\t<div class=\"elementor-element elementor-element-8bcad31 elementor-widget__width-initial elementor-widget elementor-widget-heading\" data-id=\"8bcad31\" data-element_type=\"widget\" data-e-type=\"widget\" data-widget_type=\"heading.default\">\n\t\t\t\t<div class=\"elementor-widget-container\">\n\t\t\t\t\t<h2 class=\"elementor-heading-title elementor-size-default\">CONTACTER DAVID UNGER<\/h2>\t\t\t\t<\/div>\n\t\t\t\t<\/div>\n\t\t\t\t<\/div>\n\t\t<div class=\"elementor-element elementor-element-3e37698 e-con-full e-flex e-con e-parent\" data-id=\"3e37698\" data-element_type=\"container\" data-e-type=\"container\">\n\t\t\t\t<div class=\"elementor-element elementor-element-d9f8e8d elementor-widget__width-initial elementor-widget elementor-widget-text-editor\" data-id=\"d9f8e8d\" data-element_type=\"widget\" data-e-type=\"widget\" data-widget_type=\"text-editor.default\">\n\t\t\t\t<div class=\"elementor-widget-container\">\n\t\t\t\t\t\t\t\t\t<h5>Besoin d&#8217;un simple renseignement ? <br \/>Vous avez un projet de collaboration ? <br \/>Une \u0153uvre vous int\u00e9resse ?<\/h5><h5>Ce formulaire est \u00e0 votre disposition ! N&#8217;h\u00e9sitez-pas \u00e0 l&#8217;utiliser, je vous r\u00e9pondrai dans les meilleurs d\u00e9lais.<\/h5>\t\t\t\t\t\t\t\t<\/div>\n\t\t\t\t<\/div>\n\t\t\t\t<\/div>\n\t\t<div class=\"elementor-element elementor-element-04af831 e-con-full e-flex e-con e-parent\" data-id=\"04af831\" data-element_type=\"container\" data-e-type=\"container\">\n\t\t\t\t<div class=\"elementor-element elementor-element-0e7b1b3 elementor-widget__width-initial elementor-widget elementor-widget-text-editor\" data-id=\"0e7b1b3\" data-element_type=\"widget\" data-e-type=\"widget\" data-widget_type=\"text-editor.default\">\n\t\t\t\t<div class=\"elementor-widget-container\">\n\t\t\t\t\t\t\t\t\t<h5><strong>David Unger<\/strong><\/h5>\t\t\t\t\t\t\t\t<\/div>\n\t\t\t\t<\/div>\n\t\t\t\t<\/div>\n\t\t<div class=\"elementor-element elementor-element-8aab4c6 e-flex e-con-boxed e-con e-parent\" data-id=\"8aab4c6\" data-element_type=\"container\" data-e-type=\"container\">\n\t\t\t\t\t<div class=\"e-con-inner\">\n\t\t\t\t<div class=\"elementor-element elementor-element-29a2ccb elementor-button-align-stretch elementor-widget elementor-widget-form\" data-id=\"29a2ccb\" data-element_type=\"widget\" data-e-type=\"widget\" data-settings=\"{&quot;step_next_label&quot;:&quot;Suivant&quot;,&quot;step_previous_label&quot;:&quot;Pr\\u00e9c\\u00e9dent&quot;,&quot;button_width&quot;:&quot;100&quot;,&quot;step_type&quot;:&quot;number_text&quot;,&quot;step_icon_shape&quot;:&quot;circle&quot;}\" data-widget_type=\"form.default\">\n\t\t\t\t<div class=\"elementor-widget-container\">\n\t\t\t\t\t\t\t<form class=\"elementor-form\" method=\"post\" name=\"Nouveau formulaire\" aria-label=\"Nouveau formulaire\">\n\t\t\t<input type=\"hidden\" name=\"post_id\" value=\"417\"\/>\n\t\t\t<input type=\"hidden\" name=\"form_id\" value=\"29a2ccb\"\/>\n\t\t\t<input type=\"hidden\" name=\"referer_title\" value=\"David UNGER &#8211; Auteur dessinateur illustrateur\" \/>\n\n\t\t\t\n\t\t\t<div class=\"elementor-form-fields-wrapper elementor-labels-above\">\n\t\t\t\t\t\t\t\t<div class=\"elementor-field-type-text elementor-field-group elementor-column elementor-field-group-name elementor-col-100 elementor-field-required elementor-mark-required\">\n\t\t\t\t\t\t\t\t\t\t\t\t<label for=\"form-field-name\" class=\"elementor-field-label\">\n\t\t\t\t\t\t\t\tVotre Nom\t\t\t\t\t\t\t<\/label>\n\t\t\t\t\t\t\t\t\t\t\t\t\t\t<input size=\"1\" type=\"text\" name=\"form_fields[name]\" id=\"form-field-name\" class=\"elementor-field elementor-size-sm  elementor-field-textual\" placeholder=\"Nom\" required=\"required\">\n\t\t\t\t\t\t\t\t\t\t\t<\/div>\n\t\t\t\t\t\t\t\t<div class=\"elementor-field-type-text elementor-field-group elementor-column elementor-field-group-field_1345915 elementor-col-100 elementor-field-required elementor-mark-required\">\n\t\t\t\t\t\t\t\t\t\t\t\t<label for=\"form-field-field_1345915\" class=\"elementor-field-label\">\n\t\t\t\t\t\t\t\tVotre Pr\u00e9nom\t\t\t\t\t\t\t<\/label>\n\t\t\t\t\t\t\t\t\t\t\t\t\t\t<input size=\"1\" type=\"text\" name=\"form_fields[field_1345915]\" id=\"form-field-field_1345915\" class=\"elementor-field elementor-size-sm  elementor-field-textual\" placeholder=\"Pr\u00e9nom\" required=\"required\">\n\t\t\t\t\t\t\t\t\t\t\t<\/div>\n\t\t\t\t\t\t\t\t<div class=\"elementor-field-type-email elementor-field-group elementor-column elementor-field-group-email elementor-col-100 elementor-field-required elementor-mark-required\">\n\t\t\t\t\t\t\t\t\t\t\t\t<label for=\"form-field-email\" class=\"elementor-field-label\">\n\t\t\t\t\t\t\t\tVotre E-mail\t\t\t\t\t\t\t<\/label>\n\t\t\t\t\t\t\t\t\t\t\t\t\t\t<input size=\"1\" type=\"email\" name=\"form_fields[email]\" id=\"form-field-email\" class=\"elementor-field elementor-size-sm  elementor-field-textual\" placeholder=\"E-mail\" required=\"required\">\n\t\t\t\t\t\t\t\t\t\t\t<\/div>\n\t\t\t\t\t\t\t\t<div class=\"elementor-field-type-textarea elementor-field-group elementor-column elementor-field-group-message elementor-col-100\">\n\t\t\t\t\t\t\t\t\t\t\t\t<label for=\"form-field-message\" class=\"elementor-field-label\">\n\t\t\t\t\t\t\t\tVotre Message\t\t\t\t\t\t\t<\/label>\n\t\t\t\t\t\t<textarea class=\"elementor-field-textual elementor-field  elementor-size-sm\" name=\"form_fields[message]\" id=\"form-field-message\" rows=\"10\" placeholder=\"Message\"><\/textarea>\t\t\t\t<\/div>\n\t\t\t\t\t\t\t\t<div class=\"elementor-field-group elementor-column elementor-field-type-submit elementor-col-100 e-form__buttons\">\n\t\t\t\t\t<button class=\"elementor-button elementor-size-sm\" type=\"submit\">\n\t\t\t\t\t\t<span class=\"elementor-button-content-wrapper\">\n\t\t\t\t\t\t\t\t\t\t\t\t\t\t\t\t\t\t\t\t\t\t<span class=\"elementor-button-text\">Envoyer<\/span>\n\t\t\t\t\t\t\t\t\t\t\t\t\t<\/span>\n\t\t\t\t\t<\/button>\n\t\t\t\t<\/div>\n\t\t\t<\/div>\n\t\t<\/form>\n\t\t\t\t\t\t<\/div>\n\t\t\t\t<\/div>\n\t\t\t\t\t<\/div>\n\t\t\t\t<\/div>\n\t\t\t\t<\/div>\n\t\t","protected":false},"excerpt":{"rendered":"<p>\u00c9crire \u00e0 David UNGER<\/p>\n","protected":false},"author":1,"featured_media":0,"parent":0,"menu_order":0,"comment_status":"closed","ping_status":"closed","template":"","meta":{"footnotes":""},"class_list":["post-417","page","type-page","status-publish","hentry"],"yoast_head":"<!-- This site is optimized with the Yoast SEO plugin v27.0 - https:\/\/yoast.com\/product\/yoast-seo-wordpress\/ -->\n<title>Formulaire de contact - David UNGER - Auteur dessinateur illustrateur<\/title>\n<meta name=\"robots\" content=\"noindex, nofollow\" \/>\n<meta property=\"og:locale\" content=\"fr_FR\" \/>\n<meta property=\"og:type\" content=\"article\" \/>\n<meta property=\"og:title\" content=\"Formulaire de contact - David UNGER - Auteur dessinateur illustrateur\" \/>\n<meta property=\"og:description\" content=\"\u00c9crire \u00e0 David UNGER\" \/>\n<meta property=\"og:url\" content=\"https:\/\/david-unger.art\/index.php\/contact\/\" \/>\n<meta property=\"og:site_name\" content=\"David UNGER - Auteur dessinateur illustrateur\" \/>\n<meta property=\"article:publisher\" content=\"https:\/\/www.facebook.com\/david.unger.313\" \/>\n<meta property=\"article:modified_time\" content=\"2025-02-20T14:01:17+00:00\" \/>\n<meta name=\"twitter:card\" content=\"summary_large_image\" \/>\n<meta name=\"twitter:label1\" content=\"Dur\u00e9e de lecture estim\u00e9e\" \/>\n\t<meta name=\"twitter:data1\" content=\"1 minute\" \/>\n<script type=\"application\/ld+json\" class=\"yoast-schema-graph\">{\"@context\":\"https:\/\/schema.org\",\"@graph\":[{\"@type\":\"WebPage\",\"@id\":\"https:\/\/david-unger.art\/index.php\/contact\/\",\"url\":\"https:\/\/david-unger.art\/index.php\/contact\/\",\"name\":\"Formulaire de contact - David UNGER - Auteur dessinateur illustrateur\",\"isPartOf\":{\"@id\":\"https:\/\/david-unger.art\/#website\"},\"datePublished\":\"2024-02-27T12:10:08+00:00\",\"dateModified\":\"2025-02-20T14:01:17+00:00\",\"breadcrumb\":{\"@id\":\"https:\/\/david-unger.art\/index.php\/contact\/#breadcrumb\"},\"inLanguage\":\"fr-FR\",\"potentialAction\":[{\"@type\":\"ReadAction\",\"target\":[\"https:\/\/david-unger.art\/index.php\/contact\/\"]}]},{\"@type\":\"BreadcrumbList\",\"@id\":\"https:\/\/david-unger.art\/index.php\/contact\/#breadcrumb\",\"itemListElement\":[{\"@type\":\"ListItem\",\"position\":1,\"name\":\"Accueil\",\"item\":\"https:\/\/david-unger.art\/\"},{\"@type\":\"ListItem\",\"position\":2,\"name\":\"Formulaire de contact\"}]},{\"@type\":\"WebSite\",\"@id\":\"https:\/\/david-unger.art\/#website\",\"url\":\"https:\/\/david-unger.art\/\",\"name\":\"David UNGER - Auteur dessinateur illustrateur\",\"description\":\"David UNGER: tout un univers illustratif !\",\"publisher\":{\"@id\":\"https:\/\/david-unger.art\/#\/schema\/person\/0fa4f865482d2853cf4d61f29500499d\"},\"potentialAction\":[{\"@type\":\"SearchAction\",\"target\":{\"@type\":\"EntryPoint\",\"urlTemplate\":\"https:\/\/david-unger.art\/?s={search_term_string}\"},\"query-input\":{\"@type\":\"PropertyValueSpecification\",\"valueRequired\":true,\"valueName\":\"search_term_string\"}}],\"inLanguage\":\"fr-FR\"},{\"@type\":[\"Person\",\"Organization\"],\"@id\":\"https:\/\/david-unger.art\/#\/schema\/person\/0fa4f865482d2853cf4d61f29500499d\",\"name\":\"David UNGER\",\"image\":{\"@type\":\"ImageObject\",\"inLanguage\":\"fr-FR\",\"@id\":\"https:\/\/david-unger.art\/#\/schema\/person\/image\/\",\"url\":\"https:\/\/david-unger.art\/wp-content\/uploads\/2024\/02\/david-unger-dessinateur.png\",\"contentUrl\":\"https:\/\/david-unger.art\/wp-content\/uploads\/2024\/02\/david-unger-dessinateur.png\",\"width\":1146,\"height\":363,\"caption\":\"David UNGER\"},\"logo\":{\"@id\":\"https:\/\/david-unger.art\/#\/schema\/person\/image\/\"},\"description\":\"Depuis 30 ans, David UNGER exerce son activit\u00e9 professionnelle d\u2019artiste. Cette activit\u00e9 comporte plusieurs facettes : \u2013 Enseignement des pratiques picturales, \u2013 Intervenant en milieu institutionnel, \u2013 Auteur de bandes dessin\u00e9es, \u2013 Illustration de livres, \u2013 Artiste peintre.\",\"sameAs\":[\"https:\/\/david-unger.art\",\"https:\/\/www.facebook.com\/david.unger.313\",\"https:\/\/www.instagram.com\/davidunger17?igsh=MWx0Mnh4bHl4dWt4eg==\"]}]}<\/script>\n<!-- \/ Yoast SEO plugin. -->","yoast_head_json":{"title":"Formulaire de contact - David UNGER - Auteur dessinateur illustrateur","robots":{"index":"noindex","follow":"nofollow"},"og_locale":"fr_FR","og_type":"article","og_title":"Formulaire de contact - David UNGER - Auteur dessinateur illustrateur","og_description":"\u00c9crire \u00e0 David UNGER","og_url":"https:\/\/david-unger.art\/index.php\/contact\/","og_site_name":"David UNGER - Auteur dessinateur illustrateur","article_publisher":"https:\/\/www.facebook.com\/david.unger.313","article_modified_time":"2025-02-20T14:01:17+00:00","twitter_card":"summary_large_image","twitter_misc":{"Dur\u00e9e de lecture estim\u00e9e":"1 minute"},"schema":{"@context":"https:\/\/schema.org","@graph":[{"@type":"WebPage","@id":"https:\/\/david-unger.art\/index.php\/contact\/","url":"https:\/\/david-unger.art\/index.php\/contact\/","name":"Formulaire de contact - David UNGER - Auteur dessinateur illustrateur","isPartOf":{"@id":"https:\/\/david-unger.art\/#website"},"datePublished":"2024-02-27T12:10:08+00:00","dateModified":"2025-02-20T14:01:17+00:00","breadcrumb":{"@id":"https:\/\/david-unger.art\/index.php\/contact\/#breadcrumb"},"inLanguage":"fr-FR","potentialAction":[{"@type":"ReadAction","target":["https:\/\/david-unger.art\/index.php\/contact\/"]}]},{"@type":"BreadcrumbList","@id":"https:\/\/david-unger.art\/index.php\/contact\/#breadcrumb","itemListElement":[{"@type":"ListItem","position":1,"name":"Accueil","item":"https:\/\/david-unger.art\/"},{"@type":"ListItem","position":2,"name":"Formulaire de contact"}]},{"@type":"WebSite","@id":"https:\/\/david-unger.art\/#website","url":"https:\/\/david-unger.art\/","name":"David UNGER - Auteur dessinateur illustrateur","description":"David UNGER: tout un univers illustratif !","publisher":{"@id":"https:\/\/david-unger.art\/#\/schema\/person\/0fa4f865482d2853cf4d61f29500499d"},"potentialAction":[{"@type":"SearchAction","target":{"@type":"EntryPoint","urlTemplate":"https:\/\/david-unger.art\/?s={search_term_string}"},"query-input":{"@type":"PropertyValueSpecification","valueRequired":true,"valueName":"search_term_string"}}],"inLanguage":"fr-FR"},{"@type":["Person","Organization"],"@id":"https:\/\/david-unger.art\/#\/schema\/person\/0fa4f865482d2853cf4d61f29500499d","name":"David UNGER","image":{"@type":"ImageObject","inLanguage":"fr-FR","@id":"https:\/\/david-unger.art\/#\/schema\/person\/image\/","url":"https:\/\/david-unger.art\/wp-content\/uploads\/2024\/02\/david-unger-dessinateur.png","contentUrl":"https:\/\/david-unger.art\/wp-content\/uploads\/2024\/02\/david-unger-dessinateur.png","width":1146,"height":363,"caption":"David UNGER"},"logo":{"@id":"https:\/\/david-unger.art\/#\/schema\/person\/image\/"},"description":"Depuis 30 ans, David UNGER exerce son activit\u00e9 professionnelle d\u2019artiste. Cette activit\u00e9 comporte plusieurs facettes : \u2013 Enseignement des pratiques picturales, \u2013 Intervenant en milieu institutionnel, \u2013 Auteur de bandes dessin\u00e9es, \u2013 Illustration de livres, \u2013 Artiste peintre.","sameAs":["https:\/\/david-unger.art","https:\/\/www.facebook.com\/david.unger.313","https:\/\/www.instagram.com\/davidunger17?igsh=MWx0Mnh4bHl4dWt4eg=="]}]}},"_links":{"self":[{"href":"https:\/\/david-unger.art\/index.php\/wp-json\/wp\/v2\/pages\/417","targetHints":{"allow":["GET"]}}],"collection":[{"href":"https:\/\/david-unger.art\/index.php\/wp-json\/wp\/v2\/pages"}],"about":[{"href":"https:\/\/david-unger.art\/index.php\/wp-json\/wp\/v2\/types\/page"}],"author":[{"embeddable":true,"href":"https:\/\/david-unger.art\/index.php\/wp-json\/wp\/v2\/users\/1"}],"replies":[{"embeddable":true,"href":"https:\/\/david-unger.art\/index.php\/wp-json\/wp\/v2\/comments?post=417"}],"version-history":[{"count":31,"href":"https:\/\/david-unger.art\/index.php\/wp-json\/wp\/v2\/pages\/417\/revisions"}],"predecessor-version":[{"id":1323,"href":"https:\/\/david-unger.art\/index.php\/wp-json\/wp\/v2\/pages\/417\/revisions\/1323"}],"wp:attachment":[{"href":"https:\/\/david-unger.art\/index.php\/wp-json\/wp\/v2\/media?parent=417"}],"curies":[{"name":"wp","href":"https:\/\/api.w.org\/{rel}","templated":true}]}}